{"id":19,"date":"2020-10-27T05:04:25","date_gmt":"2020-10-27T05:04:25","guid":{"rendered":"http:\/\/seodo.themezinho.net\/?page_id=19"},"modified":"2023-05-04T13:21:59","modified_gmt":"2023-05-04T10:21:59","slug":"farming-issues","status":"publish","type":"page","link":"https:\/\/analizsera.com\/index.php\/farming-issues\/","title":{"rendered":"Hakk\u0131m\u0131zda"},"content":{"rendered":"<p>[vc_row use_container=&#8221;yes&#8221;][vc_column][vc_row_inner content_placement=&#8221;middle&#8221;][vc_column_inner offset=&#8221;vc_col-md-4&#8243;][ts_side_content side_content=&#8221;<\/p>\n<h5>Reclaiming People Power<\/h5>\n<p>Our agricultural background means we\u2019re equally at home meeting face-to-face with farmers as we are engaging.<\/p>\n<p>At the same time, we have never had better know-how and solutions available to avert the crisis and create opportunities for a better life for people all over the world.&#8221;]<\/p>\n<h5>Hakk\u0131m\u0131zda<\/h5>\n<div>Her yeti\u015ftirici karl\u0131l\u0131\u011f\u0131 art\u0131rmak, s\u00fcrd\u00fcr\u00fclebilir olmak ve kal\u0131c\u0131 bir miras olu\u015fturmak ister. Ancak \u00e7o\u011fu zaman kar marj\u0131 az ve \u00fcr\u00fcn fiyatlar\u0131 belirsizdir. \u00dcretim maliyetlerini d\u00fc\u015f\u00fcrmek ad\u0131na tar\u0131mda dijitalle\u015fmenin ka\u00e7\u0131n\u0131lmaz oldu\u011funu d\u00fc\u015f\u00fcn\u00fcyor ve bu y\u00f6nde \u00e7al\u0131\u015fmalar yap\u0131yoruz. 5 dakikada toprak analizi, mobil meteoroloji istasyonu, dijital zararl\u0131 tuzaklar\u0131 ve uydudan bitki<\/div>\n<div>sa\u011fl\u0131\u011f\u0131 takibi gibi pek \u00e7ok Agronomik \u00fcr\u00fcn\u00fc t\u00fcm \u00fcreticilere tan\u0131tmak istiyoruz.<\/div>\n<div>Bu \u00e7al\u0131\u015fmalar ile dijital bir platform olu\u015fturuyor ve \u00fcretim maliyetlerini % 30 d\u00fc\u015f\u00fcrmeyi taahh\u00fct ediyoruz. T\u00fcm sorular\u0131n\u0131z i\u00e7in ileti\u015fime ge\u00e7ebilirsiniz.<\/div>\n<p>[\/ts_side_content][\/vc_column_inner][vc_column_inner offset=&#8221;vc_col-md-8&#8243;][ts_side_image image=&#8221;572&#8243; alt=&#8221;Image&#8221;][\/ts_side_image][\/vc_column_inner][\/vc_row_inner][\/vc_column][\/vc_row]<\/p>\n","protected":false},"excerpt":{"rendered":"<p>[vc_row use_container=&#8221;yes&#8221;][vc_column][vc_row_inner content_placement=&#8221;middle&#8221;][vc_column_inner offset=&#8221;vc_col-md-4&#8243;][ts_side_content side_content=&#8221; Reclaiming People Power Our agricultural background means we\u2019re equally at home meeting face-to-face with farmers as we are engaging. At the same time, we have never had better know-how and solutions available to avert the crisis and create opportunities for a better life for people all over the world.&#8221;] Hakk\u0131m\u0131zda [&hellip;]<\/p>\n","protected":false},"author":1,"featured_media":0,"parent":0,"menu_order":0,"comment_status":"closed","ping_status":"closed","template":"page-builder.php","meta":{"footnotes":""},"class_list":["post-19","page","type-page","status-publish","hentry"],"_links":{"self":[{"href":"https:\/\/analizsera.com\/index.php\/wp-json\/wp\/v2\/pages\/19","targetHints":{"allow":["GET"]}}],"collection":[{"href":"https:\/\/analizsera.com\/index.php\/wp-json\/wp\/v2\/pages"}],"about":[{"href":"https:\/\/analizsera.com\/index.php\/wp-json\/wp\/v2\/types\/page"}],"author":[{"embeddable":true,"href":"https:\/\/analizsera.com\/index.php\/wp-json\/wp\/v2\/users\/1"}],"replies":[{"embeddable":true,"href":"https:\/\/analizsera.com\/index.php\/wp-json\/wp\/v2\/comments?post=19"}],"version-history":[{"count":11,"href":"https:\/\/analizsera.com\/index.php\/wp-json\/wp\/v2\/pages\/19\/revisions"}],"predecessor-version":[{"id":597,"href":"https:\/\/analizsera.com\/index.php\/wp-json\/wp\/v2\/pages\/19\/revisions\/597"}],"wp:attachment":[{"href":"https:\/\/analizsera.com\/index.php\/wp-json\/wp\/v2\/media?parent=19"}],"curies":[{"name":"wp","href":"https:\/\/api.w.org\/{rel}","templated":true}]}}